{"id":885,"date":"2020-05-07T08:37:29","date_gmt":"2020-05-07T08:37:29","guid":{"rendered":"https:\/\/www.krone-cham.ch\/?page_id=885"},"modified":"2025-06-23T11:20:04","modified_gmt":"2025-06-23T11:20:04","slug":"impressum","status":"publish","type":"page","link":"https:\/\/www.krone-cham.ch\/index.php\/impressum\/","title":{"rendered":"IMPRESSUM"},"content":{"rendered":"<h1>Impressum<\/h1>\n<div>\n<p><strong>Eigent\u00fcmer<\/strong><\/p>\n<p>Gastronomia Lucana GmbH<br \/>Zugerstrasse 7<br \/>6330 Cham<br \/><a href=\"mailto: mail@krone-cham.ch\">mail@krone-cham.ch<\/a><\/p>\n<p><strong>Gesamtkonzeption und Realisierung<\/p>\n<p><\/strong>Marketingwerkstatt GmbH<br \/>Bahnhofstrasse 3b<br \/>5643 Sins<\/p>\n<p><a href=\"mailto:info@marketingwerkstatt.ch\">info@marketingwerkstatt.ch<\/a><br \/><a href=\"tel:+41417873732\">041 787 37 32<\/a><\/p>\n<p><a href=\"https:\/\/marketingwerkstatt.ch\" target=\"_blank\" rel=\"noopener\">marketingwerkstatt.ch<\/a><\/p>\n<\/p>\n<p><strong>Rechtshinweis<\/strong><br \/>F\u00fcr den Inhalt der verlinkten Websites wird jede Haftung abgelehnt.<\/p>\n<p><strong>Copyright<\/strong><br \/>Alle Texte, Fotos und Illustrationen auf dieser Website sind urheberrechtlich gesch\u00fctzt und Eigentum vom Gasthaus Krone. Es ist nicht gestattet, sie ohne R\u00fccksprache mit dem Gasthaus Krone zu verwenden, auch nicht in abge\u00e4nderter Form.<\/p>\n<p>\u00a9 <script>\n            var Jahr = new Date().getFullYear()\n            document.write(Jahr)\n<\/script>, Gasthaus Krone<\/p>\n<\/div>\n<p><!--more--><br \/>\n<!-- {\"type\":\"layout\",\"children\":[{\"type\":\"section\",\"props\":{\"image_position\":\"center-center\",\"padding\":\"large\",\"style\":\"default\",\"title_breakpoint\":\"xl\",\"title_position\":\"top-left\",\"title_rotation\":\"left\",\"vertical_align\":\"\",\"width\":\"large\"},\"children\":[{\"type\":\"row\",\"children\":[{\"type\":\"column\",\"props\":{\"image_position\":\"center-center\",\"position_sticky_breakpoint\":\"m\",\"width_medium\":\"1-1\"},\"children\":[{\"type\":\"headline\",\"props\":{\"content\":\"Impressum\",\"title_element\":\"h1\"}},{\"type\":\"text\",\"props\":{\"column_breakpoint\":\"m\",\"content\":\"\n\n<p><strong>Eigent\\u00fcmer<\\\/strong><\\\/p>\\n\n\n<p>Gastronomia Lucana GmbH<br \\\/>Zugerstrasse 7<br \\\/>6330 Cham<br \\\/><a href=\\\"mailto: mail@krone-cham.ch\\\">mail@krone-cham.ch<\\\/a><\\\/p>\\n\n\n<p><strong>Gesamtkonzeption und Realisierung<br \\\/><br \\\/><\\\/strong>Marketingwerkstatt GmbH<br \\\/>Bahnhofstrasse 3b<br \\\/>5643 Sins<br \\\/><br \\\/><a href=\\\"mailto:info@marketingwerkstatt.ch\\\">info@marketingwerkstatt.ch<\\\/a><br \\\/><a href=\\\"tel:+41417873732\\\">041 787 37 32<\\\/a><br \\\/><br \\\/><a href=\\\"https:\\\/\\\/marketingwerkstatt.ch\\\" target=\\\"_blank\\\" rel=\\\"noopener\\\">marketingwerkstatt.ch<\\\/a><\\\/p>\\n\n\n<p><\\\/p>\\n\n\n<p><\\\/p>\\n\n\n<p><strong>Rechtshinweis<\\\/strong><br \\\/>F\\u00fcr den Inhalt der verlinkten Websites wird jede Haftung abgelehnt.<\\\/p>\\n\n\n<p><strong>Copyright<\\\/strong><br \\\/>Alle Texte, Fotos und Illustrationen auf dieser Website sind urheberrechtlich gesch\\u00fctzt und Eigentum vom Gasthaus Krone. Es ist nicht gestattet, sie ohne R\\u00fccksprache mit dem Gasthaus Krone zu verwenden, auch nicht in abge\\u00e4nderter Form.<\\\/p>\\n\n\n<p>\\u00a9 <script>\\n            var Jahr = new Date().getFullYear()\\n            document.write(Jahr)\\n<\\\/script>, Gasthaus Krone<\\\/p>\",\"margin\":\"default\",\"text_align\":\"left\",\"text_style\":\"lead\"}}]}]}]}],\"version\":\"4.5.20\"} --><\/p>\n","protected":false},"excerpt":{"rendered":"<p>Impressum Eigent\u00fcmer Gastronomia Lucana GmbHZugerstrasse 76330 Chammail@krone-cham.ch Gesamtkonzeption und Realisierung Marketingwerkstatt GmbHBahnhofstrasse 3b5643 Sins info@marketingwerkstatt.ch041 787 37 32 marketingwerkstatt.ch RechtshinweisF\u00fcr den Inhalt der verlinkten Websites wird jede Haftung abgelehnt. CopyrightAlle Texte, Fotos und Illustrationen auf dieser Website sind urheberrechtlich gesch\u00fctzt und Eigentum vom Gasthaus Krone. Es ist nicht gestattet, sie ohne R\u00fccksprache mit dem Gasthaus [&hellip;]<\/p>\n","protected":false},"author":1,"featured_media":0,"parent":0,"menu_order":0,"comment_status":"closed","ping_status":"closed","template":"","meta":{"footnotes":""},"class_list":["post-885","page","type-page","status-publish","hentry"],"yoast_head":"<!-- This site is optimized with the Yoast SEO plugin v27.4 - https:\/\/yoast.com\/product\/yoast-seo-wordpress\/ -->\n<title>IMPRESSUM - Gasthaus Krone | italienisches Restaurant in Cham ganz in der N\u00e4he von Zug.<\/title>\n<meta name=\"robots\" content=\"index, follow, max-snippet:-1, max-image-preview:large, max-video-preview:-1\" \/>\n<link rel=\"canonical\" href=\"https:\/\/www.krone-cham.ch\/index.php\/impressum\/\" \/>\n<meta property=\"og:locale\" content=\"de_DE\" \/>\n<meta property=\"og:type\" content=\"article\" \/>\n<meta property=\"og:title\" content=\"IMPRESSUM - Gasthaus Krone | italienisches Restaurant in Cham ganz in der N\u00e4he von Zug.\" \/>\n<meta property=\"og:description\" content=\"Impressum Eigent\u00fcmer Gastronomia Lucana GmbHZugerstrasse 76330 Chammail@krone-cham.ch Gesamtkonzeption und Realisierung Marketingwerkstatt GmbHBahnhofstrasse 3b5643 Sins info@marketingwerkstatt.ch041 787 37 32 marketingwerkstatt.ch RechtshinweisF\u00fcr den Inhalt der verlinkten Websites wird jede Haftung abgelehnt. CopyrightAlle Texte, Fotos und Illustrationen auf dieser Website sind urheberrechtlich gesch\u00fctzt und Eigentum vom Gasthaus Krone. Es ist nicht gestattet, sie ohne R\u00fccksprache mit dem Gasthaus [&hellip;]\" \/>\n<meta property=\"og:url\" content=\"https:\/\/www.krone-cham.ch\/index.php\/impressum\/\" \/>\n<meta property=\"og:site_name\" content=\"Gasthaus Krone | italienisches Restaurant in Cham ganz in der N\u00e4he von Zug.\" \/>\n<meta property=\"article:modified_time\" content=\"2025-06-23T11:20:04+00:00\" \/>\n<meta name=\"twitter:card\" content=\"summary_large_image\" \/>\n<script type=\"application\/ld+json\" class=\"yoast-schema-graph\">{\"@context\":\"https:\\\/\\\/schema.org\",\"@graph\":[{\"@type\":\"WebPage\",\"@id\":\"https:\\\/\\\/www.krone-cham.ch\\\/index.php\\\/impressum\\\/\",\"url\":\"https:\\\/\\\/www.krone-cham.ch\\\/index.php\\\/impressum\\\/\",\"name\":\"IMPRESSUM - Gasthaus Krone | italienisches Restaurant in Cham ganz in der N\u00e4he von Zug.\",\"isPartOf\":{\"@id\":\"https:\\\/\\\/www.krone-cham.ch\\\/#website\"},\"datePublished\":\"2020-05-07T08:37:29+00:00\",\"dateModified\":\"2025-06-23T11:20:04+00:00\",\"breadcrumb\":{\"@id\":\"https:\\\/\\\/www.krone-cham.ch\\\/index.php\\\/impressum\\\/#breadcrumb\"},\"inLanguage\":\"de-CH\",\"potentialAction\":[{\"@type\":\"ReadAction\",\"target\":[\"https:\\\/\\\/www.krone-cham.ch\\\/index.php\\\/impressum\\\/\"]}]},{\"@type\":\"BreadcrumbList\",\"@id\":\"https:\\\/\\\/www.krone-cham.ch\\\/index.php\\\/impressum\\\/#breadcrumb\",\"itemListElement\":[{\"@type\":\"ListItem\",\"position\":1,\"name\":\"Home\",\"item\":\"https:\\\/\\\/www.krone-cham.ch\\\/\"},{\"@type\":\"ListItem\",\"position\":2,\"name\":\"IMPRESSUM\"}]},{\"@type\":\"WebSite\",\"@id\":\"https:\\\/\\\/www.krone-cham.ch\\\/#website\",\"url\":\"https:\\\/\\\/www.krone-cham.ch\\\/\",\"name\":\"Gasthaus Krone | italienisches Restaurant in Cham ganz in der N\u00e4he von Zug.\",\"description\":\"Italienischer Genuss f\u00fcr Ihren Businesslunch, romantische Abende oder Familientreffen.\",\"potentialAction\":[{\"@type\":\"SearchAction\",\"target\":{\"@type\":\"EntryPoint\",\"urlTemplate\":\"https:\\\/\\\/www.krone-cham.ch\\\/?s={search_term_string}\"},\"query-input\":{\"@type\":\"PropertyValueSpecification\",\"valueRequired\":true,\"valueName\":\"search_term_string\"}}],\"inLanguage\":\"de-CH\"}]}<\/script>\n<!-- \/ Yoast SEO plugin. -->","yoast_head_json":{"title":"IMPRESSUM - Gasthaus Krone | italienisches Restaurant in Cham ganz in der N\u00e4he von Zug.","robots":{"index":"index","follow":"follow","max-snippet":"max-snippet:-1","max-image-preview":"max-image-preview:large","max-video-preview":"max-video-preview:-1"},"canonical":"https:\/\/www.krone-cham.ch\/index.php\/impressum\/","og_locale":"de_DE","og_type":"article","og_title":"IMPRESSUM - Gasthaus Krone | italienisches Restaurant in Cham ganz in der N\u00e4he von Zug.","og_description":"Impressum Eigent\u00fcmer Gastronomia Lucana GmbHZugerstrasse 76330 Chammail@krone-cham.ch Gesamtkonzeption und Realisierung Marketingwerkstatt GmbHBahnhofstrasse 3b5643 Sins info@marketingwerkstatt.ch041 787 37 32 marketingwerkstatt.ch RechtshinweisF\u00fcr den Inhalt der verlinkten Websites wird jede Haftung abgelehnt. CopyrightAlle Texte, Fotos und Illustrationen auf dieser Website sind urheberrechtlich gesch\u00fctzt und Eigentum vom Gasthaus Krone. Es ist nicht gestattet, sie ohne R\u00fccksprache mit dem Gasthaus [&hellip;]","og_url":"https:\/\/www.krone-cham.ch\/index.php\/impressum\/","og_site_name":"Gasthaus Krone | italienisches Restaurant in Cham ganz in der N\u00e4he von Zug.","article_modified_time":"2025-06-23T11:20:04+00:00","twitter_card":"summary_large_image","schema":{"@context":"https:\/\/schema.org","@graph":[{"@type":"WebPage","@id":"https:\/\/www.krone-cham.ch\/index.php\/impressum\/","url":"https:\/\/www.krone-cham.ch\/index.php\/impressum\/","name":"IMPRESSUM - Gasthaus Krone | italienisches Restaurant in Cham ganz in der N\u00e4he von Zug.","isPartOf":{"@id":"https:\/\/www.krone-cham.ch\/#website"},"datePublished":"2020-05-07T08:37:29+00:00","dateModified":"2025-06-23T11:20:04+00:00","breadcrumb":{"@id":"https:\/\/www.krone-cham.ch\/index.php\/impressum\/#breadcrumb"},"inLanguage":"de-CH","potentialAction":[{"@type":"ReadAction","target":["https:\/\/www.krone-cham.ch\/index.php\/impressum\/"]}]},{"@type":"BreadcrumbList","@id":"https:\/\/www.krone-cham.ch\/index.php\/impressum\/#breadcrumb","itemListElement":[{"@type":"ListItem","position":1,"name":"Home","item":"https:\/\/www.krone-cham.ch\/"},{"@type":"ListItem","position":2,"name":"IMPRESSUM"}]},{"@type":"WebSite","@id":"https:\/\/www.krone-cham.ch\/#website","url":"https:\/\/www.krone-cham.ch\/","name":"Gasthaus Krone | italienisches Restaurant in Cham ganz in der N\u00e4he von Zug.","description":"Italienischer Genuss f\u00fcr Ihren Businesslunch, romantische Abende oder Familientreffen.","potentialAction":[{"@type":"SearchAction","target":{"@type":"EntryPoint","urlTemplate":"https:\/\/www.krone-cham.ch\/?s={search_term_string}"},"query-input":{"@type":"PropertyValueSpecification","valueRequired":true,"valueName":"search_term_string"}}],"inLanguage":"de-CH"}]}},"_links":{"self":[{"href":"https:\/\/www.krone-cham.ch\/index.php\/wp-json\/wp\/v2\/pages\/885","targetHints":{"allow":["GET"]}}],"collection":[{"href":"https:\/\/www.krone-cham.ch\/index.php\/wp-json\/wp\/v2\/pages"}],"about":[{"href":"https:\/\/www.krone-cham.ch\/index.php\/wp-json\/wp\/v2\/types\/page"}],"author":[{"embeddable":true,"href":"https:\/\/www.krone-cham.ch\/index.php\/wp-json\/wp\/v2\/users\/1"}],"replies":[{"embeddable":true,"href":"https:\/\/www.krone-cham.ch\/index.php\/wp-json\/wp\/v2\/comments?post=885"}],"version-history":[{"count":18,"href":"https:\/\/www.krone-cham.ch\/index.php\/wp-json\/wp\/v2\/pages\/885\/revisions"}],"predecessor-version":[{"id":2665,"href":"https:\/\/www.krone-cham.ch\/index.php\/wp-json\/wp\/v2\/pages\/885\/revisions\/2665"}],"wp:attachment":[{"href":"https:\/\/www.krone-cham.ch\/index.php\/wp-json\/wp\/v2\/media?parent=885"}],"curies":[{"name":"wp","href":"https:\/\/api.w.org\/{rel}","templated":true}]}}