{"id":2168,"date":"2021-04-16T13:12:34","date_gmt":"2021-04-16T13:12:34","guid":{"rendered":"https:\/\/www.krone-cham.ch\/?page_id=2168"},"modified":"2023-01-21T09:50:02","modified_gmt":"2023-01-21T09:50:02","slug":"unser-angebot","status":"publish","type":"page","link":"https:\/\/www.krone-cham.ch\/index.php\/unser-angebot\/","title":{"rendered":"Unser Angebot"},"content":{"rendered":"<h1>unser<\/h1>\n<h1>Angebot<\/h1>\n<div>\n<p>    <img decoding=\"async\" src=\"\/wp-content\/uploads\/2021\/04\/Fusilli-calabresi-mit-Spargeln.jpg\" alt=\"\"><\/p>\n<h3>Mittag<\/h3>\n<div>\n<p>Dienstag bis Freitag bieten wir verschiedene Spezialit\u00e4ten an. Aus Kapazit\u00e4tsgr\u00fcnden ist unser \u00e0 la carte Angebot am Mittag nicht erh\u00e4ltlich.<\/p>\n<\/div>\n<p><a href=\"\/index.php\/mittag\">Mehr Infos<\/a><\/p>\n<\/div>\n<div>\n<p>    <img decoding=\"async\" src=\"\/wp-content\/uploads\/2020\/04\/krone-cham-angebot-speisen_Gerichte_103_web-1024x683-1.jpg\" alt=\"\"><\/p>\n<h3>\u00e0 la carte &#038; Wein <\/h3>\n<div>\n<p>Am Abend und am Samstagmittag verw\u00f6hnen wir Sie mit italienischen Spezialit\u00e4ten. Das Rindsfilet im Pf\u00e4nnli ist unsere Hausspezialit\u00e4t.<\/p>\n<p><a class=\"el-content uk-button uk-button-default customize-unpreviewable\" href=\"https:\/\/api2.lunchgate.ch\/menu\/card\/restaurant\/gasthaus-krone-cham\/type\/menu1\" target=\"_blank\" rel=\"noopener\"> \u00e0 la carte <\/a><\/p>\n<\/div>\n<p><a href=\"https:\/\/api2.lunchgate.ch\/menu\/card\/restaurant\/gasthaus-krone-cham\/type\/menu3\">Weinkarte<\/a><\/p>\n<\/div>\n<p><!--more--><br \/>\n<!-- {\"name\":\"Takeaway Vorlage\",\"type\":\"layout\",\"children\":[{\"type\":\"section\",\"props\":{\"header_transparent\":\"light\",\"height\":\"full\",\"image\":\"wp-content\\\/uploads\\\/2020\\\/05\\\/Safran_Pasta-scaled.jpg\",\"image_effect\":\"fixed\",\"image_parallax_bgx\":\"0,0\",\"image_parallax_bgy\":\"-100,100\",\"image_parallax_easing\":\"0\",\"image_position\":\"top-center\",\"image_size\":\"cover\",\"media_overlay_gradient\":\"linear-gradient(180deg, rgba(0,0,0,0.29173676306460083) 0%, rgba(255,255,255,0) 7%, rgba(255,255,255,0) 97%, rgba(33,33,33,0.3113446062018558) 100%);\",\"overlap\":true,\"padding\":\"none\",\"padding_remove_bottom\":true,\"padding_remove_top\":true,\"style\":\"secondary\",\"title_breakpoint\":\"xl\",\"title_position\":\"top-left\",\"title_rotation\":\"left\",\"vertical_align\":\"bottom\",\"width\":\"\"},\"children\":[{\"type\":\"row\",\"props\":{\"column_gap\":\"collapse\",\"margin_remove_bottom\":true,\"margin_remove_top\":true,\"row_gap\":\"collapse\"},\"children\":[{\"type\":\"column\",\"props\":{\"image_position\":\"center-center\",\"media_overlay_gradient\":\"\",\"position_sticky_breakpoint\":\"m\",\"vertical_align\":\"bottom\",\"width_medium\":\"1-1\"},\"children\":[{\"type\":\"headline\",\"props\":{\"content\":\"unser\",\"margin_remove_bottom\":false,\"position\":\"relative\",\"position_bottom\":\"-50\",\"text_align\":\"center\",\"title_color\":\"primary\",\"title_element\":\"h1\",\"title_font_family\":\"tertiary\",\"title_style\":\"h2\"},\"name\":\"\"},{\"type\":\"headline\",\"props\":{\"content\":\"Angebot\",\"margin_remove_bottom\":false,\"margin_remove_top\":false,\"text_align\":\"center\",\"title_element\":\"h1\",\"title_font_family\":\"default\",\"title_style\":\"h1\"}}]}]}],\"name\":\"Header\"},{\"type\":\"section\",\"props\":{\"image_position\":\"center-center\",\"padding_remove_top\":false,\"style\":\"default\",\"title_breakpoint\":\"xl\",\"title_position\":\"top-left\",\"title_rotation\":\"left\",\"vertical_align\":\"middle\",\"width\":\"default\"},\"children\":[{\"type\":\"row\",\"children\":[{\"type\":\"column\",\"props\":{\"image_position\":\"center-center\",\"media_overlay_gradient\":\"\",\"position_sticky_breakpoint\":\"m\",\"width_medium\":\"1-3\"},\"children\":[{\"type\":\"grid\",\"props\":{\"content_column_breakpoint\":\"m\",\"filter_align\":\"left\",\"filter_all\":true,\"filter_grid_breakpoint\":\"m\",\"filter_grid_width\":\"auto\",\"filter_position\":\"top\",\"filter_style\":\"tab\",\"grid_default\":\"1\",\"grid_medium\":\"1\",\"icon_width\":80,\"image_align\":\"top\",\"image_grid_breakpoint\":\"m\",\"image_grid_width\":\"1-2\",\"image_svg_color\":\"emphasis\",\"item_animation\":true,\"link_style\":\"default\",\"link_text\":\"Mehr Infos\",\"margin\":\"default\",\"meta_align\":\"below-title\",\"meta_element\":\"div\",\"meta_style\":\"text-meta\",\"panel_padding\":\"default\",\"parallax_easing\":\"1\",\"show_content\":true,\"show_image\":true,\"show_link\":true,\"show_meta\":true,\"show_title\":true,\"title_align\":\"top\",\"title_color\":\"background\",\"title_element\":\"h3\",\"title_grid_breakpoint\":\"m\",\"title_grid_width\":\"1-2\",\"title_hover_style\":\"reset\"},\"children\":[{\"type\":\"grid_item\",\"props\":{\"content\":\"\n\n<p>Dienstag bis Freitag bieten wir verschiedene Spezialit\\u00e4ten an. Aus Kapazit\\u00e4tsgr\\u00fcnden ist unser \\u00e0 la carte Angebot am Mittag nicht erh\\u00e4ltlich.<\\\/p>\",\"image\":\"wp-content\\\/uploads\\\/2021\\\/04\\\/Fusilli-calabresi-mit-Spargeln.jpg\",\"link\":\"index.php\\\/mittag\",\"panel_style\":\"card-hover\",\"title\":\"Mittag\"}}]}]},{\"type\":\"column\",\"props\":{\"image_position\":\"center-center\",\"media_overlay_gradient\":\"\",\"position_sticky_breakpoint\":\"m\",\"width_medium\":\"1-3\"},\"children\":[{\"type\":\"grid\",\"props\":{\"content_column_breakpoint\":\"m\",\"filter_align\":\"left\",\"filter_all\":true,\"filter_grid_breakpoint\":\"m\",\"filter_grid_width\":\"auto\",\"filter_position\":\"top\",\"filter_style\":\"tab\",\"grid_default\":\"1\",\"grid_medium\":\"1\",\"icon_width\":80,\"image_align\":\"top\",\"image_grid_breakpoint\":\"m\",\"image_grid_width\":\"1-2\",\"image_svg_color\":\"emphasis\",\"item_animation\":true,\"link_style\":\"default\",\"link_target\":true,\"link_text\":\"Weinkarte\",\"margin\":\"default\",\"meta_align\":\"below-title\",\"meta_element\":\"div\",\"meta_style\":\"text-meta\",\"panel_padding\":\"default\",\"parallax_easing\":\"1\",\"show_content\":true,\"show_image\":true,\"show_link\":true,\"show_meta\":true,\"show_title\":true,\"title_align\":\"top\",\"title_color\":\"background\",\"title_element\":\"h3\",\"title_grid_breakpoint\":\"m\",\"title_grid_width\":\"1-2\",\"title_hover_style\":\"reset\"},\"children\":[{\"type\":\"grid_item\",\"props\":{\"content\":\"\n\n<p>Am Abend und am Samstagmittag verw\\u00f6hnen wir Sie mit italienischen Spezialit\\u00e4ten. Das Rindsfilet im Pf\\u00e4nnli ist unsere Hausspezialit\\u00e4t.<\\\/p>\\n\n\n<p><a class=\\\"el-content uk-button uk-button-default customize-unpreviewable\\\" href=\\\"https:\\\/\\\/api2.lunchgate.ch\\\/menu\\\/card\\\/restaurant\\\/gasthaus-krone-cham\\\/type\\\/menu1\\\" target=\\\"_blank\\\" rel=\\\"noopener\\\"> \\u00e0 la carte <\\\/a><\\\/p>\",\"image\":\"wp-content\\\/uploads\\\/2020\\\/04\\\/krone-cham-angebot-speisen_Gerichte_103_web-1024x683-1.jpg\",\"link\":\"https:\\\/\\\/api2.lunchgate.ch\\\/menu\\\/card\\\/restaurant\\\/gasthaus-krone-cham\\\/type\\\/menu3\",\"panel_style\":\"card-hover\",\"title\":\"\\u00e0 la carte & Wein \"}}]}]},{\"type\":\"column\",\"props\":{\"image_position\":\"center-center\",\"media_overlay_gradient\":\"\",\"position_sticky_breakpoint\":\"m\",\"width_medium\":\"1-3\"},\"children\":[]}],\"props\":{\"layout\":\"1-3,1-3,1-3\",\"match\":true}},{\"type\":\"row\",\"children\":[{\"type\":\"column\",\"props\":{\"image_position\":\"center-center\",\"media_overlay_gradient\":\"\",\"position_sticky_breakpoint\":\"m\",\"width_medium\":\"1-3\"},\"children\":[]},{\"type\":\"column\",\"props\":{\"image_position\":\"center-center\",\"media_overlay_gradient\":\"\",\"position_sticky_breakpoint\":\"m\",\"width_medium\":\"1-3\"},\"children\":[]},{\"type\":\"column\",\"props\":{\"image_position\":\"center-center\",\"media_overlay_gradient\":\"\",\"position_sticky_breakpoint\":\"m\",\"width_medium\":\"1-3\"},\"children\":[]}],\"props\":{\"layout\":\"1-3,1-3,1-3\",\"match\":true}}]}],\"version\":\"3.0.21\"} --><\/p>\n","protected":false},"excerpt":{"rendered":"<p>unser Angebot Mittag Dienstag bis Freitag bieten wir verschiedene Spezialit\u00e4ten an. Aus Kapazit\u00e4tsgr\u00fcnden ist unser \u00e0 la carte Angebot am Mittag nicht erh\u00e4ltlich. Mehr Infos \u00e0 la carte &#038; Wein Am Abend und am Samstagmittag verw\u00f6hnen wir Sie mit italienischen Spezialit\u00e4ten. Das Rindsfilet im Pf\u00e4nnli ist unsere Hausspezialit\u00e4t. \u00e0 la carte Weinkarte<\/p>\n","protected":false},"author":1,"featured_media":0,"parent":0,"menu_order":0,"comment_status":"closed","ping_status":"closed","template":"","meta":{"footnotes":""},"class_list":["post-2168","page","type-page","status-publish","hentry"],"yoast_head":"<!-- This site is optimized with the Yoast SEO plugin v27.3 - https:\/\/yoast.com\/product\/yoast-seo-wordpress\/ -->\n<title>Unser Angebot - Gasthaus Krone | italienisches Restaurant in Cham ganz in der N\u00e4he von Zug.<\/title>\n<meta name=\"robots\" content=\"index, follow, max-snippet:-1, max-image-preview:large, max-video-preview:-1\" \/>\n<link rel=\"canonical\" href=\"https:\/\/www.krone-cham.ch\/index.php\/unser-angebot\/\" \/>\n<meta property=\"og:locale\" content=\"de_DE\" \/>\n<meta property=\"og:type\" content=\"article\" \/>\n<meta property=\"og:title\" content=\"Unser Angebot - Gasthaus Krone | italienisches Restaurant in Cham ganz in der N\u00e4he von Zug.\" \/>\n<meta property=\"og:description\" content=\"unser Angebot Mittag Dienstag bis Freitag bieten wir verschiedene Spezialit\u00e4ten an. Aus Kapazit\u00e4tsgr\u00fcnden ist unser \u00e0 la carte Angebot am Mittag nicht erh\u00e4ltlich. Mehr Infos \u00e0 la carte &#038; Wein Am Abend und am Samstagmittag verw\u00f6hnen wir Sie mit italienischen Spezialit\u00e4ten. Das Rindsfilet im Pf\u00e4nnli ist unsere Hausspezialit\u00e4t. \u00e0 la carte Weinkarte\" \/>\n<meta property=\"og:url\" content=\"https:\/\/www.krone-cham.ch\/index.php\/unser-angebot\/\" \/>\n<meta property=\"og:site_name\" content=\"Gasthaus Krone | italienisches Restaurant in Cham ganz in der N\u00e4he von Zug.\" \/>\n<meta property=\"article:modified_time\" content=\"2023-01-21T09:50:02+00:00\" \/>\n<meta name=\"twitter:card\" content=\"summary_large_image\" \/>\n<script type=\"application\/ld+json\" class=\"yoast-schema-graph\">{\"@context\":\"https:\\\/\\\/schema.org\",\"@graph\":[{\"@type\":\"WebPage\",\"@id\":\"https:\\\/\\\/www.krone-cham.ch\\\/index.php\\\/unser-angebot\\\/\",\"url\":\"https:\\\/\\\/www.krone-cham.ch\\\/index.php\\\/unser-angebot\\\/\",\"name\":\"Unser Angebot - Gasthaus Krone | italienisches Restaurant in Cham ganz in der N\u00e4he von Zug.\",\"isPartOf\":{\"@id\":\"https:\\\/\\\/www.krone-cham.ch\\\/#website\"},\"datePublished\":\"2021-04-16T13:12:34+00:00\",\"dateModified\":\"2023-01-21T09:50:02+00:00\",\"breadcrumb\":{\"@id\":\"https:\\\/\\\/www.krone-cham.ch\\\/index.php\\\/unser-angebot\\\/#breadcrumb\"},\"inLanguage\":\"de-CH\",\"potentialAction\":[{\"@type\":\"ReadAction\",\"target\":[\"https:\\\/\\\/www.krone-cham.ch\\\/index.php\\\/unser-angebot\\\/\"]}]},{\"@type\":\"BreadcrumbList\",\"@id\":\"https:\\\/\\\/www.krone-cham.ch\\\/index.php\\\/unser-angebot\\\/#breadcrumb\",\"itemListElement\":[{\"@type\":\"ListItem\",\"position\":1,\"name\":\"Home\",\"item\":\"https:\\\/\\\/www.krone-cham.ch\\\/\"},{\"@type\":\"ListItem\",\"position\":2,\"name\":\"Unser Angebot\"}]},{\"@type\":\"WebSite\",\"@id\":\"https:\\\/\\\/www.krone-cham.ch\\\/#website\",\"url\":\"https:\\\/\\\/www.krone-cham.ch\\\/\",\"name\":\"Gasthaus Krone | italienisches Restaurant in Cham ganz in der N\u00e4he von Zug.\",\"description\":\"Italienischer Genuss f\u00fcr Ihren Businesslunch, romantische Abende oder Familientreffen.\",\"potentialAction\":[{\"@type\":\"SearchAction\",\"target\":{\"@type\":\"EntryPoint\",\"urlTemplate\":\"https:\\\/\\\/www.krone-cham.ch\\\/?s={search_term_string}\"},\"query-input\":{\"@type\":\"PropertyValueSpecification\",\"valueRequired\":true,\"valueName\":\"search_term_string\"}}],\"inLanguage\":\"de-CH\"}]}<\/script>\n<!-- \/ Yoast SEO plugin. -->","yoast_head_json":{"title":"Unser Angebot - Gasthaus Krone | italienisches Restaurant in Cham ganz in der N\u00e4he von Zug.","robots":{"index":"index","follow":"follow","max-snippet":"max-snippet:-1","max-image-preview":"max-image-preview:large","max-video-preview":"max-video-preview:-1"},"canonical":"https:\/\/www.krone-cham.ch\/index.php\/unser-angebot\/","og_locale":"de_DE","og_type":"article","og_title":"Unser Angebot - Gasthaus Krone | italienisches Restaurant in Cham ganz in der N\u00e4he von Zug.","og_description":"unser Angebot Mittag Dienstag bis Freitag bieten wir verschiedene Spezialit\u00e4ten an. Aus Kapazit\u00e4tsgr\u00fcnden ist unser \u00e0 la carte Angebot am Mittag nicht erh\u00e4ltlich. Mehr Infos \u00e0 la carte &#038; Wein Am Abend und am Samstagmittag verw\u00f6hnen wir Sie mit italienischen Spezialit\u00e4ten. Das Rindsfilet im Pf\u00e4nnli ist unsere Hausspezialit\u00e4t. \u00e0 la carte Weinkarte","og_url":"https:\/\/www.krone-cham.ch\/index.php\/unser-angebot\/","og_site_name":"Gasthaus Krone | italienisches Restaurant in Cham ganz in der N\u00e4he von Zug.","article_modified_time":"2023-01-21T09:50:02+00:00","twitter_card":"summary_large_image","schema":{"@context":"https:\/\/schema.org","@graph":[{"@type":"WebPage","@id":"https:\/\/www.krone-cham.ch\/index.php\/unser-angebot\/","url":"https:\/\/www.krone-cham.ch\/index.php\/unser-angebot\/","name":"Unser Angebot - Gasthaus Krone | italienisches Restaurant in Cham ganz in der N\u00e4he von Zug.","isPartOf":{"@id":"https:\/\/www.krone-cham.ch\/#website"},"datePublished":"2021-04-16T13:12:34+00:00","dateModified":"2023-01-21T09:50:02+00:00","breadcrumb":{"@id":"https:\/\/www.krone-cham.ch\/index.php\/unser-angebot\/#breadcrumb"},"inLanguage":"de-CH","potentialAction":[{"@type":"ReadAction","target":["https:\/\/www.krone-cham.ch\/index.php\/unser-angebot\/"]}]},{"@type":"BreadcrumbList","@id":"https:\/\/www.krone-cham.ch\/index.php\/unser-angebot\/#breadcrumb","itemListElement":[{"@type":"ListItem","position":1,"name":"Home","item":"https:\/\/www.krone-cham.ch\/"},{"@type":"ListItem","position":2,"name":"Unser Angebot"}]},{"@type":"WebSite","@id":"https:\/\/www.krone-cham.ch\/#website","url":"https:\/\/www.krone-cham.ch\/","name":"Gasthaus Krone | italienisches Restaurant in Cham ganz in der N\u00e4he von Zug.","description":"Italienischer Genuss f\u00fcr Ihren Businesslunch, romantische Abende oder Familientreffen.","potentialAction":[{"@type":"SearchAction","target":{"@type":"EntryPoint","urlTemplate":"https:\/\/www.krone-cham.ch\/?s={search_term_string}"},"query-input":{"@type":"PropertyValueSpecification","valueRequired":true,"valueName":"search_term_string"}}],"inLanguage":"de-CH"}]}},"_links":{"self":[{"href":"https:\/\/www.krone-cham.ch\/index.php\/wp-json\/wp\/v2\/pages\/2168","targetHints":{"allow":["GET"]}}],"collection":[{"href":"https:\/\/www.krone-cham.ch\/index.php\/wp-json\/wp\/v2\/pages"}],"about":[{"href":"https:\/\/www.krone-cham.ch\/index.php\/wp-json\/wp\/v2\/types\/page"}],"author":[{"embeddable":true,"href":"https:\/\/www.krone-cham.ch\/index.php\/wp-json\/wp\/v2\/users\/1"}],"replies":[{"embeddable":true,"href":"https:\/\/www.krone-cham.ch\/index.php\/wp-json\/wp\/v2\/comments?post=2168"}],"version-history":[{"count":95,"href":"https:\/\/www.krone-cham.ch\/index.php\/wp-json\/wp\/v2\/pages\/2168\/revisions"}],"predecessor-version":[{"id":2515,"href":"https:\/\/www.krone-cham.ch\/index.php\/wp-json\/wp\/v2\/pages\/2168\/revisions\/2515"}],"wp:attachment":[{"href":"https:\/\/www.krone-cham.ch\/index.php\/wp-json\/wp\/v2\/media?parent=2168"}],"curies":[{"name":"wp","href":"https:\/\/api.w.org\/{rel}","templated":true}]}}